)) - -31?
-15
What is the value of 50 - (0 + (-5 - -4) - (-27 + 15))?
39
Calculate -30 + (53 - 18) - (-44 + (-2 - -1)).
50
Calculate 169 + -116 + -22 + 2 - 11.
22
7 + (-95 - -27 - 22 - 38)
-121
Evaluate 4 - (-13 + 20 + -10 + 50) - (-8 - -2).
-37
Calculate -36 + (84 + -91 - 22).
-65
-2 + (-16 - -16 - (3 - 11)) + -4 - -1
3
Evaluate 37 + -54 + -40 + 11.
-46
What is the value of 58 + (-2 - (-2 + (-4 - (5 - (10 + -4)))))?
61
2 + 2 - (104 - (-212 - -375))
63
What is (71 - (24 + 47)) + 1 + -14?
-13
What is the value of -3 - -69 - -1 - (-681 + 683 - (9 - 0))?
74
What is 11 - (-35 - (6 + (-14 - 0)))?
38
What is -2 + (2 + -19 - -1) - (-1051 + 1107)?
-74
What is the value of -1 + -19 + (17 - 32) + (-10 - 0)?
-45
1 + -107 + (47 - (-42 - -50)) + -50
-117
What is 8 + -55 + -315 + 323?
-39
Calculate 2 - (11 - 12) - (-29 + 29 - (12 + -1)).
14
-2 - (2 - (-3 + -42 + 27))
-22
What is (5 - ((-2 - 12) + -5)) + -86 + 74?
12
Evaluate -1 + -13 + (-50 - (131 - 165)).
-30
-2 + 73 + -60 - -46
57
Evaluate 0 - ((-27 - 14) + -3).
44
Calculate (8 - 16) + 7 + 0 - (-8 + 18).
-11
54 + 0 - (-570 - -578)
46
Evaluate -16 - 27 - -50 - -38.
45
What is -16 + (43 - 30) - -20?
17
What is -123 + -137 + 155 + 40?
-65
What is (-765 - -749) + (0 + 3 - 0)?
-13
-44 - -64 - (85 + -8 + -8 + 16)
-65
What is the value of -57 + (31 - (-13 + 29)) - -25?
-17
11 + -62 + (-6 + 22 + -4 - 0)
-39
Calculate 78 - (143 + -54) - (0 + -5 + 3 + -82).
73
What is -2 + -148 - (-33 + -190 - -179)?
-106
What is the value of (2 - 16) + (-52 - (-21 - (54 - 35)))?
-26
Calculate (-2 + -1 - -37 - (3 - 0)) + (-193 - -187).
25
What is 1 + 54 - (367 + -280)?
-32
What is the value of (0 - -1) + -6 - (-1 + 64 + (7732 - 7822))?
22
What is 5 - 12 - (23 - -32 - ((8 - 5) + -5))?
-64
What is the value of 6 + -22 + 11 - -33 - -32?
60
What is -5 + 13 - -11 - (-22 - -6)?
35
Calculate 52 + 9 + 6 + -33.
34
(-11 - -63) + -35 - -51 - (-1 + 17)
52
What is the value of 2 + -6 + 2 + 2 - -11 - (-153 - -141)?
23
Calculate -2 + -1 + (2210 - 2234).
-27
What is (-19 - -9 - 33) + -239 + 215?
-67
-15 + 26 - (106 + -126)
31
-2 + 0 + (-7 - (-25 + 8 + 2 + 9))
-3
51 + -36 + (11 - (-2 + 113))
-85
What is (15 - -39) + (-5 - 37) - 66?
-54
-304 + 302 + -37 + 1
-38
7 - ((8 - (-38 + -14 + 10)) + -5) - 11
-49
Calculate (-5 - 14) + 9 + 146 + -121.
15
What is -87 + (-57 + 66 - (-2 - 23) - 21)?
-74
-3 + 5 - 6 - (-46 + 91 - 49) - -118
118
Calculate 5 + (34 + -6 - (11 - 11)) + 12.
45
(-38 - -6) + 5 + (-28 - -25)
-30
What is (-3 - (-12 - -6)) + 10 + (10 - 18)?
5
Calculate -19 + 28 + -34 + 21 + (2 - (74 + -1)).
-75
What is the value of (18 - (-8 + 14)) + -29 + 6 + -5?
-16
What is the value of -8 + (-13 - (-202 - -197 - (20 + 0)))?
4
(0 - 8) + (12 - (22 + 7) - -13)
-12
What is (-83 - -51) + -11 + 25?
-18
9 - 9 - -22 - 13 - -41
50
Calculate -14 - ((55 - (-22 - -49)) + (-2 - 1)).
-39
What is 98 + -81 + -20 - (64 + (-1 - 0))?
-66
-58 + 61 + 47 + -59
-9
Calculate (-1 - 2) + -7 - (35 + (16 - (-41 + 26))).
-76
19 + -24 + 2 + -2 + 3 + 4
2
Evaluate (-123 - -69) + 10 + 1 + -5.
-48
Evaluate (7 - (-6 + (7 - -26)) - 30) + -16.
-66
Evaluate -61 + 35 + -9 - -80.
45
Evaluate 4 + 6 + (-14 + -18 - -25).
3
-15 + (18 - 15) - (1 + -54 + 17)
24
What is -69 + 34 - (-33 - -11)?
-13
Evaluate 13 + -85 + 75 - (-151 - (-1 + 2 + -4)).
151
(-41 - 0) + 2 - -70
31
What is the value of 2 + (-57 - 2) - (-9 - -35 - 25)?
-58
Evaluate (-97 - -58) + 20 + (1 - -22).
4
(-208 - (-111 - 68)) + (2 - 45)
-72
Calculate -10 + (7 - (-7 + 1)) + (7 - (108 - 11)).
-87
What is the value of -5 + (15 - (26 + -33)) - 20?
-3
Calculate 0 - 68 - (-19 + -29 + 25 - -8).
-53
12 - 19 - ((0 - 3) + (-8 - 90 - -7))
87
Calculate -36 + 1 + 49 - (-8 + -2).
24
Evaluate (40 - 101 - -46) + 9.
-6
Evaluate (-268 - -280 - (16 - 1)) + -5 + (4 - 14).
-18
Evaluate (11 - 0) + (-1 + 9 - (475 + -480)).
24
What is the value of -26 + 2 - (-139 + 41 + 163)?
-89
Evaluate -17 - (2 - -6 - (81 - 11 - -14)).
59
-7 + 25 + (87 - 66) + -82
-43
Evaluate (6 - (10 - 8) - 2) + -20 + 14.
-4
Calculate -88 + (-29 - (-6 + -2 + 26 + -39)).
-96
What is the value of 34 - (128 + 10 - (-109 - -91))?
-122
Evaluate -3357 + 3292 + (-1 - -3).
-63
Evaluate 1 - 9 - -3 - (-2 - (9 + 9 + 22)).
37
What is the value of 6 - (13 - (18 + -43))?
-32
What is the value of (21 - (5 + (-4 - -6))) + 47 + 7?
68
Calculate (-12 - (10 - 12)) + -6 + (9 - -4) - 37.
-40
Evaluate (-203 - -198) + -13 + 6 + 40.
28
Calculate -53 + (2 - 4) + (-513 - -505).
-63
What is 6 + ((1 - 83) + 14 - -12) + 14?
-36
Evaluate -1 + (-85 - (88 - 150)).
-24
Evaluate 71 - (-45 - (-51 - 15)).
50
-78 - (30 - 60 - 5)
-43
Evaluate (3 - 13) + 69 + (28 - 5).
82
What is -13 + (4 - -38) + -12 + (9 - 12)?
14
What is -35 - (-36 - 15 - -40)?
-24
What is (0 - -14 - 1) + (-118 - (-31 - 85))?
11
What is the value of 3 + -4 - (-52 + -25 - -31)?
45
What is the value of -12 + -16 + (-23 - (-14 - 13))?
-24
-2 - -1 - (2 - -1 - (-39 + 98))
55
What is the value of 21 - 1 - (79 + (33 - 59) + -6)?
-27
-5 + 2 - -123 - (2457 - 2414)
77
(-22 - -45) + -18 + 4 - -26
35
What is -10 + (0 - 2) - (43 - (29 + -32))?
-58
Calculate -39 + 97 + -86 + -29.
-57
-15 + -1 + 2 - ((-16 - 0) + 13)
-11
Calculate (0 - (3 + 1 + -1)) + 18 + -58 + -16.
-59
Calculate -179 + 191 + -18 + 57.
51
What is (-32 - -10) + 16 + (-25 - 1) + 12?
-20
What is the value of -106 - (-103 + (15 - -22))?
-40
Evaluate -19 + (-3 - (17 - 31)) - (1 + (-63 - -1)).
53
What is the value of (-90 - (-50 - 2)) + 21?
-17
What is -82 - (-60 - 11) - (6 - -2)?
-19
112 - (117 - (-117 - -217))
95
What is -106 - (5 + -27) - -107?
23
What is (-29 - (2 + -7)) + (-775 - -823)?
24
What is the value of -24 + 36 - (7 - -6) - (-14 - -8)?
5
What is the value of (-55 + 133 - 61) + -13?
4
(-2 + -17 - 0) + 21 + 1
3
34 + -18 + -2 + -13 + 0 - (1 - -109)
-109
Evaluate 37 + -100 - (-5 - 36).
-22
Calculate (-5 - (-12 + -2 + 14)) + -85 + (-2 - 12).
-104
What is the value of (-3 - -5) + (8 - 8) + -4 + -2 + 31?
27
What is the value of -206 + (30 - (-121 + 46))?
-101
What is (-17 - 8) + (21 - -55 - 25)?
26
Calculate -41 + (24 + -6 - -65).
42
(-5 + 25 - (47 + 18)) + 143
98
What is the value of (-133 - (-275 + 50)) + -10 + 0?
82
(-19 + -38 - -73) + 40
56
Evaluate (102 - 3) + (72 - (16 + 81)).
74
What is (-115 - -86) + (6 - -34)?
11
What is the value of -50 - (-18 + 32) - -10?
-54
Evaluate -290 + 278 - ((-8 - 5) + -7) - (-96 - 0).
104
What is the value of 121 + -102 + (13 - 39)?
-7
What is -84 + 2 + (5 - 1) + (-17 - -12) - 6?
-89
Calculate 11 + 12 + (-23 - -4) + 1 + 14.
19
Evaluate (86 - (19 - 14)) + (11 - -4).
96
(20 - 30 - (-18 - (-9 + -3))) + 74
70
Evaluate -196 + 82 - -74 - 42.
-82
54 + -51 + 11 + 10 + -9
15
What is the value of (-3 - 2) + -28 + 21 + 51 + 5?
44
What is the value of 26 - (-8 - -23) - -3 - 20?
-6
8 + -15 + 11 - (8 + (0 - -46))
-50
What is (-33 - -25) + (-1 + -2 - -13) - (26 - 1)?
-23
Evaluate -18 - (89 + -26) - -34.
-47
Calculate (-42 - (3 - 1)) + (1957 - 1971) + -9.
-67
What is 12 + -1 - ((11 - -1) + (-17 - 0 - -87))?
-71
What is 20 + -38 - (-1 + (5 - 11) + 3 - -6)?
-20
What is 27 - ((107 - 134) + -41)?
95
What is the value of -13 - (-16 + (18 - 6) + -3)?
-6
What is the value of -46 + 60 + 8 + 26?
48
What is -3 - (11 - (31 - 28))?
-11
What is the value of (18 - (-42 - -107)) + 46?
-1
2 + -5 - -2 - (-8 + 10 + -4 + 23)
-22
What is the value of -16 - 1 - (12 + 35 + -88)?
24
Evaluate -13 - (29 + 21 + -29 + (0 - 3)).
-31
Evaluate 14 - (-45 - (75 - 113)).
21
What is the value of -39 + (-79 - -17) - -54?
-47
Calculate 2 + 7 + 8 + -28 + 20 + -49.
-40
What is the value of -6 - (-7 - 3 - -34 - -12)?
-42
-19 + 1 + (14 - (5 - -1) - 9)
-19
What is (-44 - ((58 - 38) + 1)) + -48?
-113
Calculate -2 - ((-21 - 5 - -11) + 24).
-11
Calculate -46 - (-27 - (-22 - 3)).
-44
What is 47 + -44 + 27 - 23?
7
Calculate -49 - 47 - (19 - 2) - (7 + -12).
-108
Evaluate 74 - (14 + 3) - 57.
0
What is -58 + -26 + 93 - -33?
42
Evaluate (-1 - 2) + 1 + -2 + (6 - -81) + -11.
72
3 - (6 + (6 + -1 - (68 - 70)))
-10
What is the value of 122 + 42 + -180 + (-1 - 11)?
-28
What is 120 + ((19 - 0) + 93 + -62 + -37 - 9)?
124
(-57 - -5) + (11 + -17 + 8 - -7)
-43
-4 + -17 - (-33 - -13 - -21 - 8)
-14
What is -29 - -1 - (-6 + -10 + -16 - -33)?
-29
Calculate (-2 - (4 - 2) - (32 + (-53 - -9))) + 26.
34
What is the value of -79 + 27 + (-37 - (42 + -7